{"id":1329,"date":"2025-08-29T15:29:09","date_gmt":"2025-08-29T07:29:09","guid":{"rendered":"https:\/\/www.charyjod.com\/?post_type=product&#038;p=1329"},"modified":"2025-10-28T17:50:48","modified_gmt":"2025-10-28T09:50:48","slug":"charyjod-doppelkopf-schreibtischlampe-led-dimmbar-dehnbare-led-schreibtischlampeschreibtisch-lampe-hat-5-farbtemperaturen-und-10-helligkeitsstufen-usb-ladeanschluss-energieklasse-f","status":"publish","type":"product","link":"https:\/\/www.charyjod.com\/index.php\/product\/charyjod-doppelkopf-schreibtischlampe-led-dimmbar-dehnbare-led-schreibtischlampeschreibtisch-lampe-hat-5-farbtemperaturen-und-10-helligkeitsstufen-usb-ladeanschluss-energieklasse-f\/","title":{"rendered":"CHARYJOD Doppelkopf Schreibtischlampe LED Dimmbar, Dehnbare LED Schreibtischlampe,Schreibtisch Lampe hat 5-Farbtemperaturen und 10-Helligkeitsstufen, USB-Ladeanschluss [Energieklasse F]"},"content":{"rendered":"<p><strong><span class=\"a-list-item\">\u3010Skalierbare Schreibtischlampe\u3011<\/span><\/strong><span class=\"a-list-item\">Diese schreibtischlampe kann sich bis zu 58CM erstrecken und kann frei auf die H\u00f6he verl\u00e4ngert werden, die Sie ben\u00f6tigen; Durch die Annahme eines Doppelkopfdesigns kann es 180\u00b0 ge\u00f6ffnet werden, um den Arbeitsbereich zu beleuchten, wodurch es sehr gut f\u00fcr den Einsatz auf gro\u00dfen Arbeitscomputern geeignet ist.<\/span><\/p>\n<p><span class=\"a-list-item\"><strong>\u3010<\/strong>Augenschutz Schreibtischlampe<strong>\u3011<\/strong>Diese schreibtischlampe dimmbar ist Touch einstellbar und hat 5-Farbtemperaturen. Tags\u00fcber k\u00f6nnen Sie 6500K wei\u00dfes Licht einschalten, und nachts k\u00f6nnen Sie 4000K Lesemodus einschalten. Sie k\u00f6nnen die f\u00fcnf Farbtemperaturen einstellen; Sie k\u00f6nnen auch 10-Helligkeitsstufen \u00fcber Touch-Tasten anpassen und sich frei an Farbtemperatur und Helligkeit anpassen, die Ihre Augen angenehm machen.<\/span><\/p>\n<p><span class=\"a-list-item\"><strong>\u3010<\/strong>45 minutes auto-off<strong>\u3011<\/strong>Die CHARYJOD schreibtischlampe verf\u00fcgt \u00fcber eine 45-min\u00fctige automatische Abschaltfunktion, so dass Sie sich keine Sorgen mehr machen m\u00fcssen, dass das Licht bei Nacht eingeschaltet bleibt.<\/span><\/p>\n<p><span class=\"a-list-item\"><strong>\u3010<\/strong>Mehrzweck<strong>\u3011<\/strong> Diese schreibtischlampe verf\u00fcgt \u00fcber einen USB-Ladeanschluss, mit dem Sie Ihr Telefon aufladen k\u00f6nnen, w\u00e4hrend Sie die Lampe f\u00fcr die Beleuchtung verwenden. Bitte achten Sie darauf, dass Sie Ihr Telefon nicht verwenden, w\u00e4hrend Sie es aufladen!<\/span><\/p>\n<p><span class=\"a-list-item\"><strong>\u3010<\/strong>Platzersparnis<strong>\u3011<\/strong> Die faltbare Leistung erm\u00f6glicht es der Schreibtischlampe, nur wenig Platz einzunehmen und sich frei zu bewegen; Die stabile Basis gibt Ihnen das gr\u00f6\u00dfte Gef\u00fchl der Sicherheit, ohne sich Gedanken \u00fcber Kippen oder Instabilit\u00e4t machen zu m\u00fcsse<\/span><\/p>\n","protected":false},"excerpt":{"rendered":"<p>\u3010Skalierbare Schreibtischlampe\u3011Diese schreibtischlampe  &hellip;<\/p>\n<p class=\"read-more\"> <a class=\"\" href=\"https:\/\/www.charyjod.com\/index.php\/product\/charyjod-doppelkopf-schreibtischlampe-led-dimmbar-dehnbare-led-schreibtischlampeschreibtisch-lampe-hat-5-farbtemperaturen-und-10-helligkeitsstufen-usb-ladeanschluss-energieklasse-f\/\"> <span class=\"screen-reader-text\">CHARYJOD Doppelkopf Schreibtischlampe LED Dimmbar, Dehnbare LED Schreibtischlampe,Schreibtisch Lampe hat 5-Farbtemperaturen und 10-Helligkeitsstufen, USB-Ladeanschluss [Energieklasse F]<\/span> \u67e5\u770b\u5168\u6587 &raquo;<\/a><\/p>\n","protected":false},"featured_media":1363,"comment_status":"open","ping_status":"closed","template":"","meta":{"_acf_changed":false,"site-sidebar-layout":"default","site-content-layout":"default","ast-global-header-display":"","ast-main-header-display":"","ast-hfb-above-header-display":"","ast-hfb-below-header-display":"","ast-hfb-mobile-header-display":"","site-post-title":"","ast-breadcrumbs-content":"","ast-featured-img":"","footer-sml-layout":"","theme-transparent-header-meta":"default","adv-header-id-meta":"","stick-header-meta":"","header-above-stick-meta":"","header-main-stick-meta":"","header-below-stick-meta":""},"product_brand":[],"product_cat":[41,35],"product_tag":[],"class_list":{"0":"post-1329","1":"product","2":"type-product","3":"status-publish","4":"has-post-thumbnail","6":"product_cat-desk-lamp","7":"product_cat-lamps","8":"desktop-align-center","9":"tablet-align-center","10":"mobile-align-center","11":"ast-product-gallery-layout-horizontal-slider","12":"ast-product-tabs-layout-horizontal","13":"ast-qv-on-image","15":"first","16":"instock","17":"shipping-taxable","18":"purchasable","19":"product-type-simple"},"acf":[],"_links":{"self":[{"href":"https:\/\/www.charyjod.com\/index.php\/wp-json\/wp\/v2\/product\/1329","targetHints":{"allow":["GET"]}}],"collection":[{"href":"https:\/\/www.charyjod.com\/index.php\/wp-json\/wp\/v2\/product"}],"about":[{"href":"https:\/\/www.charyjod.com\/index.php\/wp-json\/wp\/v2\/types\/product"}],"replies":[{"embeddable":true,"href":"https:\/\/www.charyjod.com\/index.php\/wp-json\/wp\/v2\/comments?post=1329"}],"wp:featuredmedia":[{"embeddable":true,"href":"https:\/\/www.charyjod.com\/index.php\/wp-json\/wp\/v2\/media\/1363"}],"wp:attachment":[{"href":"https:\/\/www.charyjod.com\/index.php\/wp-json\/wp\/v2\/media?parent=1329"}],"wp:term":[{"taxonomy":"product_brand","embeddable":true,"href":"https:\/\/www.charyjod.com\/index.php\/wp-json\/wp\/v2\/product_brand?post=1329"},{"taxonomy":"product_cat","embeddable":true,"href":"https:\/\/www.charyjod.com\/index.php\/wp-json\/wp\/v2\/product_cat?post=1329"},{"taxonomy":"product_tag","embeddable":true,"href":"https:\/\/www.charyjod.com\/index.php\/wp-json\/wp\/v2\/product_tag?post=1329"}],"curies":[{"name":"wp","href":"https:\/\/api.w.org\/{rel}","templated":true}]}}